 h(a) = 3*a + 23. Suppose 0 = -31*n + 37*n + 36. Let x be h(n). Suppose 2*i + 7*j = 3*j + 202, -3*j + 491 = x*i. What are the prime factors of i?
97
Suppose -3 + 19 = 5*y + 4*z, -4 = 2*y - z. Let t be y - (2 - 3) - -344. Suppose 10*i - 7*i - t = 0. List the prime factors of i.
5, 23
Suppose 71*v = 74*v - 15. Suppose 6*m + v*y - 1045 = m, -4*y - 184 = -m. List the prime factors of m.
2, 3, 17
What are the prime factors of (92607/15 + 1)/(169/(-65) - -3)?
43, 359
Let u(l) = 4*l - 63. Let a be u(17). Suppose -27*i = -a*i - 10494. What are the prime factors of i?
3, 53
Suppose 0 = 19*k + 10*k - 231710. Suppose -38*u - k = -55*u. What are the prime factors of u?
2, 5, 47
Let v = -3759 + 28869. List the prime factors of v.
2, 3, 5, 31
Let r = 8194 - -5696. List the prime factors of r.
2, 3, 5, 463
Suppose 9822 + 9848 = 5*j. List the prime factors of (5 + -1*18/4)*j.
7, 281
Let q = 14346 + -7261. Suppose -27*i + 14*i = -q. List the prime factors of i.
5, 109
Let b(j) = -5*j**2 - 7*j + 8. Let l(u) = -6*u**2 - 6*u + 7. Let d(p) = 7*b(p) - 6*l(p). Let m be d(12). Suppose -m*s + 44 = -0*s. List the prime factors of s.
2, 11
Suppose 0 = -4*v + 3*b + 129247, -b + 19585 + 45026 = 2*v. What are the prime factors of v?
2, 41, 197
Let x(n) = n**3 + 23*n**2 - 30*n - 194. List the prime factors of x(-18).
2, 983
List the prime factors of (50301/1215)/(3/610).
2, 3, 23, 61
Let p = 21819 - 10242. What are the prime factors of p?
3, 17, 227
Suppose 3070 = 3*o + 2*o + 2*c, 4*c + 20 = 0. Suppose o - 4894 = -31*y. List the prime factors of y.
2, 3, 23
Let g(h) = 19*h - 3 + 13*h - 46 - 18. List the prime factors of g(12).
317
Let j = -1010 + 515. Let f = -274 - j. Suppose -3*i + f = -3*d + 4*d, 5*i + d = 365. What are the prime factors of i?
2, 3
Let j(l) be the second derivative of -13*l**3/6 + 12*l**2 - 19*l + 127. Let x = 0 + -9. What are the prime factors of j(x)?
3, 47
List the prime factors of (102378/(-12))/((-4)/8*1).
113, 151
Let g(t) = 10 - 2*t + 3*t**2 + 7*t + 12 + 1. List the prime factors of g(-6).
101
Let a(n) = -n. Let f be a(0). Suppose 5*z + 2*l - 1367 = 0, 0*z - z + 267 = 2*l. Suppose 5*g = -f*g + z. What are the prime factors of g?
5, 11
Suppose 2*c + 3*n = 3, -2*c = -4*n - n - 43. Suppose -c*j = 186 - 1185. Suppose -j = -w - 28. List the prime factors of w.
83
Let u(o) = -2*o**2 + 19*o + 13. Let a be u(10). Suppose 0 = -2*c - 5*j + 2577, -a*c - 2582 = -5*c - 4*j. What are the prime factors of c?
1301
Let z = -390 - -390. Suppose 3*g + k - 2172 = z, -4*g - 9*k = -14*k - 2915. What are the prime factors of g?
5, 29
Suppose 1057864 - 13044 = 34*o. List the prime factors of o.
2, 5, 7, 439
Suppose 350*i + 54*i = 6926580. What are the prime factors of i?
3, 5, 127
Suppose 5*i - 3*c - 10 + 2 = 0, 32 = 5*i + 3*c. Suppose i*h = -24 - 12. List the prime factors of 2/h - 2490/(-27).
2, 23
Suppose 7393 + 2490 = 2*p - 4533. What are the prime factors of p?
2, 17, 53
Let m = 305 + 11. What are the prime factors of -4 - (m/(-1) + 2)?
2, 5, 31
Let t(z) be the third derivative of 3*z**5/20 + z**4/8 - z**3/2 - 52*z**2. What are the prime factors of t(4)?
3, 17
Let f(z) = 2*z**3 - 13*z**2 + 85*z - 38. List the prime factors of f(26).
2, 3, 29, 41
Let a(x) = 85*x + 18. Let k be a(-8). Let f = k - -967. Suppose -5*z - 785 = -5*d, 0*d + z = -2*d + f. What are the prime factors of d?
2, 7, 11
Let v = -16492 + 31530. What are the prime factors of v?
2, 73, 103
Suppose 193 - 173 = 5*t. Suppose -5*x - 203 = -2*z + 28, -t*x - 432 = -4*z. List the prime factors of z.
103
Let s = -31 + 36. Suppose 3*w - 1501 = s*b, 0 = 5*w - 2*b - 1307 - 1220. What are the prime factors of w?
3, 13
Suppose -3*v = -3*o - 42, 4*v - 33 = 5*o + 24. Suppose 0 = 3*f - v*f + 9700. List the prime factors of f.
2, 5, 97
Let y be 6*-3*4/36 + -3. Let k = -32 + 44. List the prime factors of (-108)/8*y - (-6)/k.
2, 17
Suppose 0 = -2*n - j + 33, 0 = 3*n - 7*n + 5*j + 31. List the prime factors of (-10)/(-35) - (-6996)/n.
2, 5
Let o = 6007 + -10125. Let h be 24/30 - o/(-10). What are the prime factors of h/(-9)*3 + 0/1?
137
Let s = 11395 + -2145. What are the prime factors of s?
2, 5, 37
Let u = 289 - 514. List the prime factors of ((-771)/5)/(45/u).
3, 257
Let r = -71 + 68. List the prime factors of (-1328)/r*(9/2 + -3).
2, 83
Let h(q) = 25*q**3 - 4*q**2 - 2. Let f be h(4). Let y = -693 + f. What are the prime factors of y?
29
Let h = -6602 - -9346. List the prime factors of h.
2, 7
Let z(x) = 368*x + 203. What are the prime factors of z(8)?
3, 1049
Let q(c) = -c**2 + 6*c + 7. Let w(a) = -a**2. Let g(s) = -q(s) - 4*w(s). Let v be g(-6). Let p = v - 111. What are the prime factors of p?
2, 7
Suppose j + 5*w + 9 = 0, -3*j = 4*w + w + 7. List the prime factors of 15/(135/(-36)) + (j - -54).
3, 17
Suppose -h = s - 10532, 8*h - 4*h = -13*s + 42191. List the prime factors of h.
5, 421
Let x(c) = 2*c**3 - 8*c**2 - c + 5. Let v be x(4). Let o be (-1)/v + (169 - (-20)/5). Suppose o = 52*n - 50*n. What are the prime factors of n?
2, 43
Let j(o) = -o**3 + o**2 + 3*o + 1. Let w be ((-8)/6)/(30/(-45)). Let g be j(w). Suppose 2*z = -c + 339, 6*c = g*c + 3. List the prime factors of z.
13
Let a(k) = 21058*k**2 + 75*k - 76. List the prime factors of a(1).
3, 7019
Let k(f) = -13*f - 8. Suppose 0 = -13*r - 5*r - 18. List the prime factors of k(r).
5
Let n(i) = 3*i**2 - i - 1. Let m be n(-5). Let j(v) = 12*v + 236. Let d be j(-6). Suppose -m - d = -3*y. List the prime factors of y.
3
Suppose 212 + 191 = -f. Let r = 319 - f. List the prime factors of r.
2, 19
Let d(c) = c**3 - 14*c**2 + 12*c. Let n = 7 + 6. Let o be d(n). Let g = -1 - o. List the prime factors of g.
2, 3
Suppose 122*a = -63*a + 2914860. List the prime factors of a.
2, 3, 13, 101
Suppose 0 = -3*n - 3*j + 43251, 7211 = n + 4*j - 7188. What are the prime factors of n?
14423
Let h be -2*(-4)/(24/9). Suppose 5*y - y = -h*g - 937, -4*g + 1179 = -5*y. Let z = -125 - y. List the prime factors of z.
2, 5, 11
Let n = -137 + 299. Suppose -3*g + n + 807 = 0. What are the prime factors of g?
17, 19
Let x = 130 - 127. Let k(b) = 2*b**3 + b**2 + 3*b + 4. What are the prime factors of k(x)?
2, 19
Let q be (-3 - 0) + 5 + 1169. Suppose -q + 359 = 7*b. Let s = 76 - b. List the prime factors of s.
2, 3
List the prime factors of 160/16 + (-11574)/(-2).
11, 17, 31
Let v be ((139/(-2))/(-1))/((-13)/26). Let k = v + 510. Suppose 5*c + k = 1691. What are the prime factors of c?
2, 3, 11
Suppose u + 2260 - 24625 = -3*y, -201435 = -9*u - 2*y. List the prime factors of u.
3, 829
Let s be (36/(-7))/((-14)/49). List the prime factors of 2*(-63)/s - -1556.
1549
Suppose 4 = 4*b - 60. Suppose 0 = -4*t - 4*o + b, -3*o - o + 19 = 5*t. Suppose 0*u - 54 = -t*u. List the prime factors of u.
2, 3
Let o(f) = -24 + 47 - 18 - f. Let h(t) = t**3 - 5*t**2 + t + 1. Let b be h(2). What are the prime factors of o(b)?
2, 7
Suppose -3*m + 4*g + 169983 = 0, m - 69*g = -74*g + 56699. What are the prime factors of m?
61, 929
Let z = 41 + -39. Let d be (1/z)/((-9)/216). List the prime factors of d/(-21) - 2780/(-35).
2, 5
Suppose -3*x + 66 = 3*v, 2*v + 0*v - 4*x - 50 = 0. Let b = -671 + 676. Suppose v = 2*f - b*q, -5*q = -f - 0*q - 1. What are the prime factors of f?
2, 3
Let b = -227 + 242. Let s(t) = 13*t + 255. What are the prime factors of s(b)?
2, 3, 5
Let u(w) = w**3 - 12*w**2 + 12*w - 8. Suppose 3*x + 39 = 5*n - 22, -4*n - 2*x = -40. Let f be u(n). What are the prime factors of (41/f)/(3/54)?
2, 3, 41
Suppose -27*z = -23*z + 4, -z - 301 = -5*c. Suppose -2*h = 2*k - c, 0 = 5*h - k - 284 + 104. What are the prime factors of h?
5, 7
Suppose -2834 = -3*z - 1058. Suppose 5*h - 4717 = -z. What are the prime factors of h?
3, 5, 11
Suppose -4*t = -2*t + w - 3, -t - 1 = 3*w. Suppose -5*z + 480 = 3*a - t*z, 3*a - 482 = -2*z. Suppose a - 9 = 3*l. List the prime factors of l.
3, 17
Suppose 5*q - 5 = 0, -7*h - 3*q + 11549 = -5*h. List the prime factors of h.
23, 251
Suppose 4*f + 126 = 22*f. Suppose -13*d + 2316 = -f*d. What are the prime factors of d?
2, 193
Let f(t) = 127*t - 1. Suppose 0 = -z - 3*y - 38 + 27, -9 = 4*z + 5*y. List the prime factors of f(z).
3, 13
Let b = 17 + -13. Let n be (-2*(2 + b))/((-6)/4). Suppose -380 = -13*m + n*m. What are the prime factors of m?
2, 19
Let y(q) = -38*q**3 - 18*q**2 - 1